{"id":778,"date":"2023-06-27T17:33:52","date_gmt":"2023-06-27T17:33:52","guid":{"rendered":"http:\/\/inmaculadaespacio.com\/?page_id=778"},"modified":"2023-07-05T17:10:37","modified_gmt":"2023-07-05T17:10:37","slug":"peluqueria","status":"publish","type":"page","link":"https:\/\/inmaculadaespacio.com\/index.php\/servicios\/peluqueria\/","title":{"rendered":"Peluquer\u00eda"},"content":{"rendered":"\t\t<div data-elementor-type=\"wp-page\" data-elementor-id=\"778\" class=\"elementor elementor-778\">\n\t\t\t\t\t\t<section class=\"elementor-section elementor-top-section elementor-element elementor-element-7c196b4 elementor-section-boxed elementor-section-height-default elementor-section-height-default\" data-id=\"7c196b4\" data-element_type=\"section\">\n\t\t\t\t\t\t<div class=\"elementor-container elementor-column-gap-default\">\n\t\t\t\t\t<div class=\"elementor-column elementor-col-100 elementor-top-column elementor-element elementor-element-60afacf\" data-id=\"60afacf\" data-element_type=\"column\">\n\t\t\t<div class=\"elementor-widget-wrap elementor-element-populated\">\n\t\t\t\t\t\t<div class=\"elementor-element elementor-element-649b2cf elementor-widget elementor-widget-heading\" data-id=\"649b2cf\" data-element_type=\"widget\" data-widget_type=\"heading.default\">\n\t\t\t\t<div class=\"elementor-widget-container\">\n\t\t\t\t\t<h1 class=\"elementor-heading-title elementor-size-default\">Carta de servicios <\/h1>\t\t\t\t<\/div>\n\t\t\t\t<\/div>\n\t\t\t\t<div class=\"elementor-element elementor-element-e004ffc elementor-widget-divider--view-line elementor-widget elementor-widget-divider\" data-id=\"e004ffc\" data-element_type=\"widget\" data-widget_type=\"divider.default\">\n\t\t\t\t<div class=\"elementor-widget-container\">\n\t\t\t\t\t\t\t<div class=\"elementor-divider\">\n\t\t\t<span class=\"elementor-divider-separator\">\n\t\t\t\t\t\t<\/span>\n\t\t<\/div>\n\t\t\t\t\t\t<\/div>\n\t\t\t\t<\/div>\n\t\t\t\t\t<\/div>\n\t\t<\/div>\n\t\t\t\t\t<\/div>\n\t\t<\/section>\n\t\t\t\t<section class=\"elementor-section elementor-top-section elementor-element elementor-element-a110860 elementor-section-boxed elementor-section-height-default elementor-section-height-default\" data-id=\"a110860\" data-element_type=\"section\">\n\t\t\t\t\t\t<div class=\"elementor-container elementor-column-gap-default\">\n\t\t\t\t\t<div class=\"elementor-column elementor-col-50 elementor-top-column elementor-element elementor-element-9e3e88f\" data-id=\"9e3e88f\" data-element_type=\"column\">\n\t\t\t<div class=\"elementor-widget-wrap elementor-element-populated\">\n\t\t\t\t\t\t<div class=\"elementor-element elementor-element-4c2744e elementor-widget elementor-widget-heading\" data-id=\"4c2744e\" data-element_type=\"widget\" data-widget_type=\"heading.default\">\n\t\t\t\t<div class=\"elementor-widget-container\">\n\t\t\t\t\t<h2 class=\"elementor-heading-title elementor-size-default\">Peinado<\/h2>\t\t\t\t<\/div>\n\t\t\t\t<\/div>\n\t\t\t\t<div class=\"elementor-element elementor-element-d2d8a20 elementor-widget elementor-widget-text-editor\" data-id=\"d2d8a20\" data-element_type=\"widget\" data-widget_type=\"text-editor.default\">\n\t\t\t\t<div class=\"elementor-widget-container\">\n\t\t\t\t\t\t\t\t\t<ul>\n<li>Incluye<\/li>\n<li>Lavado dermocapilar<\/li>\n<li>Producto de stylins<\/li>\n<\/ul>\t\t\t\t\t\t\t\t<\/div>\n\t\t\t\t<\/div>\n\t\t\t\t\t<\/div>\n\t\t<\/div>\n\t\t\t\t<div class=\"elementor-column elementor-col-50 elementor-top-column elementor-element elementor-element-a664847\" data-id=\"a664847\" data-element_type=\"column\">\n\t\t\t<div class=\"elementor-widget-wrap elementor-element-populated\">\n\t\t\t\t\t\t<div class=\"elementor-element elementor-element-bf73e79 elementor-widget elementor-widget-heading\" data-id=\"bf73e79\" data-element_type=\"widget\" data-widget_type=\"heading.default\">\n\t\t\t\t<div class=\"elementor-widget-container\">\n\t\t\t\t\t<h2 class=\"elementor-heading-title elementor-size-default\">Tratamientos capilares<\/h2>\t\t\t\t<\/div>\n\t\t\t\t<\/div>\n\t\t\t\t<div class=\"elementor-element elementor-element-bfed154 elementor-widget elementor-widget-text-editor\" data-id=\"bfed154\" data-element_type=\"widget\" data-widget_type=\"text-editor.default\">\n\t\t\t\t<div class=\"elementor-widget-container\">\n\t\t\t\t\t\t\t\t\t<div>\u00a0<\/div>\n<ul>\n<li>Bioterapia\u00a0<\/li>\n<\/ul>\t\t\t\t\t\t\t\t<\/div>\n\t\t\t\t<\/div>\n\t\t\t\t\t<\/div>\n\t\t<\/div>\n\t\t\t\t\t<\/div>\n\t\t<\/section>\n\t\t\t\t<section class=\"elementor-section elementor-top-section elementor-element elementor-element-41a70b7 elementor-section-boxed elementor-section-height-default elementor-section-height-default\" data-id=\"41a70b7\" data-element_type=\"section\">\n\t\t\t\t\t\t<div class=\"elementor-container elementor-column-gap-default\">\n\t\t\t\t\t<div class=\"elementor-column elementor-col-50 elementor-top-column elementor-element elementor-element-7c5614b\" data-id=\"7c5614b\" data-element_type=\"column\">\n\t\t\t<div class=\"elementor-widget-wrap elementor-element-populated\">\n\t\t\t\t\t\t<div class=\"elementor-element elementor-element-a92b0f2 elementor-widget elementor-widget-heading\" data-id=\"a92b0f2\" data-element_type=\"widget\" data-widget_type=\"heading.default\">\n\t\t\t\t<div class=\"elementor-widget-container\">\n\t\t\t\t\t<h2 class=\"elementor-heading-title elementor-size-default\">Corte de Caballero<\/h2>\t\t\t\t<\/div>\n\t\t\t\t<\/div>\n\t\t\t\t<div class=\"elementor-element elementor-element-b2e028c elementor-widget elementor-widget-text-editor\" data-id=\"b2e028c\" data-element_type=\"widget\" data-widget_type=\"text-editor.default\">\n\t\t\t\t<div class=\"elementor-widget-container\">\n\t\t\t\t\t\t\t\t\t<ul>\n<li>Incluye<\/li>\n<li>Lavado dermocapilar<\/li>\n<li>Producto de Styling<\/li>\n<\/ul>\t\t\t\t\t\t\t\t<\/div>\n\t\t\t\t<\/div>\n\t\t\t\t\t<\/div>\n\t\t<\/div>\n\t\t\t\t<div class=\"elementor-column elementor-col-50 elementor-top-column elementor-element elementor-element-9783b31\" data-id=\"9783b31\" data-element_type=\"column\">\n\t\t\t<div class=\"elementor-widget-wrap elementor-element-populated\">\n\t\t\t\t\t\t<div class=\"elementor-element elementor-element-bcc4ef3 elementor-widget elementor-widget-heading\" data-id=\"bcc4ef3\" data-element_type=\"widget\" data-widget_type=\"heading.default\">\n\t\t\t\t<div class=\"elementor-widget-container\">\n\t\t\t\t\t<h2 class=\"elementor-heading-title elementor-size-default\">Cultura Curly<\/h2>\t\t\t\t<\/div>\n\t\t\t\t<\/div>\n\t\t\t\t<div class=\"elementor-element elementor-element-416d82d elementor-widget elementor-widget-text-editor\" data-id=\"416d82d\" data-element_type=\"widget\" data-widget_type=\"text-editor.default\">\n\t\t\t\t<div class=\"elementor-widget-container\">\n\t\t\t\t\t\t\t\t\t<ul>\n<li>Incluye<\/li>\n<li>Valoraci\u00f3n, corte y definici\u00f3n<\/li>\n<\/ul>\t\t\t\t\t\t\t\t<\/div>\n\t\t\t\t<\/div>\n\t\t\t\t\t<\/div>\n\t\t<\/div>\n\t\t\t\t\t<\/div>\n\t\t<\/section>\n\t\t\t\t<section class=\"elementor-section elementor-top-section elementor-element elementor-element-bd2cb28 elementor-section-boxed elementor-section-height-default elementor-section-height-default\" data-id=\"bd2cb28\" data-element_type=\"section\">\n\t\t\t\t\t\t<div class=\"elementor-container elementor-column-gap-default\">\n\t\t\t\t\t<div class=\"elementor-column elementor-col-50 elementor-top-column elementor-element elementor-element-65e93d3\" data-id=\"65e93d3\" data-element_type=\"column\">\n\t\t\t<div class=\"elementor-widget-wrap elementor-element-populated\">\n\t\t\t\t\t\t<div class=\"elementor-element elementor-element-6efa0d6 elementor-widget elementor-widget-heading\" data-id=\"6efa0d6\" data-element_type=\"widget\" data-widget_type=\"heading.default\">\n\t\t\t\t<div class=\"elementor-widget-container\">\n\t\t\t\t\t<h2 class=\"elementor-heading-title elementor-size-default\">Corte y Peinado Se\u00f1ora<\/h2>\t\t\t\t<\/div>\n\t\t\t\t<\/div>\n\t\t\t\t<div class=\"elementor-element elementor-element-afe4a54 elementor-widget elementor-widget-text-editor\" data-id=\"afe4a54\" data-element_type=\"widget\" data-widget_type=\"text-editor.default\">\n\t\t\t\t<div class=\"elementor-widget-container\">\n\t\t\t\t\t\t\t\t\t<ul>\n<li>Incluye<\/li>\n<li>Lavado dermocapilar<\/li>\n<li>Producto stylins<\/li>\n<li>Servicio de peinado<\/li>\n<\/ul>\t\t\t\t\t\t\t\t<\/div>\n\t\t\t\t<\/div>\n\t\t\t\t\t<\/div>\n\t\t<\/div>\n\t\t\t\t<div class=\"elementor-column elementor-col-50 elementor-top-column elementor-element elementor-element-e7be824\" data-id=\"e7be824\" data-element_type=\"column\">\n\t\t\t<div class=\"elementor-widget-wrap elementor-element-populated\">\n\t\t\t\t\t\t<div class=\"elementor-element elementor-element-ce708d0 elementor-widget elementor-widget-heading\" data-id=\"ce708d0\" data-element_type=\"widget\" data-widget_type=\"heading.default\">\n\t\t\t\t<div class=\"elementor-widget-container\">\n\t\t\t\t\t<h2 class=\"elementor-heading-title elementor-size-default\">Barros<\/h2>\t\t\t\t<\/div>\n\t\t\t\t<\/div>\n\t\t\t\t<div class=\"elementor-element elementor-element-eb69ab8 elementor-widget elementor-widget-text-editor\" data-id=\"eb69ab8\" data-element_type=\"widget\" data-widget_type=\"text-editor.default\">\n\t\t\t\t<div class=\"elementor-widget-container\">\n\t\t\t\t\t\t\t\t\t<ul>\n<li>Coloraci\u00f3n org\u00e1nica, arcilla blanca y activos bot\u00e1nico.<\/li>\n<\/ul>\t\t\t\t\t\t\t\t<\/div>\n\t\t\t\t<\/div>\n\t\t\t\t\t<\/div>\n\t\t<\/div>\n\t\t\t\t\t<\/div>\n\t\t<\/section>\n\t\t\t\t<section class=\"elementor-section elementor-top-section elementor-element elementor-element-b273bf7 elementor-section-boxed elementor-section-height-default elementor-section-height-default\" data-id=\"b273bf7\" data-element_type=\"section\">\n\t\t\t\t\t\t<div class=\"elementor-container elementor-column-gap-default\">\n\t\t\t\t\t<div class=\"elementor-column elementor-col-50 elementor-top-column elementor-element elementor-element-f1548e4\" data-id=\"f1548e4\" data-element_type=\"column\">\n\t\t\t<div class=\"elementor-widget-wrap elementor-element-populated\">\n\t\t\t\t\t\t<div class=\"elementor-element elementor-element-acbc35d elementor-widget elementor-widget-heading\" data-id=\"acbc35d\" data-element_type=\"widget\" data-widget_type=\"heading.default\">\n\t\t\t\t<div class=\"elementor-widget-container\">\n\t\t\t\t\t<h2 class=\"elementor-heading-title elementor-size-default\">Corte de ni\u00f1os<\/h2>\t\t\t\t<\/div>\n\t\t\t\t<\/div>\n\t\t\t\t<div class=\"elementor-element elementor-element-36d602d elementor-widget elementor-widget-text-editor\" data-id=\"36d602d\" data-element_type=\"widget\" data-widget_type=\"text-editor.default\">\n\t\t\t\t<div class=\"elementor-widget-container\">\n\t\t\t\t\t\t\t\t\t<ul>\n<li>Menores de ba\u00f1os<\/li>\n<\/ul>\t\t\t\t\t\t\t\t<\/div>\n\t\t\t\t<\/div>\n\t\t\t\t\t<\/div>\n\t\t<\/div>\n\t\t\t\t<div class=\"elementor-column elementor-col-50 elementor-top-column elementor-element elementor-element-fa1804c\" data-id=\"fa1804c\" data-element_type=\"column\">\n\t\t\t<div class=\"elementor-widget-wrap elementor-element-populated\">\n\t\t\t\t\t\t<div class=\"elementor-element elementor-element-f15e5a7 elementor-widget elementor-widget-heading\" data-id=\"f15e5a7\" data-element_type=\"widget\" data-widget_type=\"heading.default\">\n\t\t\t\t<div class=\"elementor-widget-container\">\n\t\t\t\t\t<h2 class=\"elementor-heading-title elementor-size-default\">Oleo (Pigmento org\u00e1nico)<\/h2>\t\t\t\t<\/div>\n\t\t\t\t<\/div>\n\t\t\t\t<div class=\"elementor-element elementor-element-cbeedd8 elementor-widget elementor-widget-text-editor\" data-id=\"cbeedd8\" data-element_type=\"widget\" data-widget_type=\"text-editor.default\">\n\t\t\t\t<div class=\"elementor-widget-container\">\n\t\t\t\t\t\t\t\t\t<ul>\n<li>Oleo (Pigmento org\u00e1nico)<\/li>\n<\/ul>\t\t\t\t\t\t\t\t<\/div>\n\t\t\t\t<\/div>\n\t\t\t\t\t<\/div>\n\t\t<\/div>\n\t\t\t\t\t<\/div>\n\t\t<\/section>\n\t\t\t\t<section class=\"elementor-section elementor-top-section elementor-element elementor-element-76ff2a5 elementor-section-boxed elementor-section-height-default elementor-section-height-default\" data-id=\"76ff2a5\" data-element_type=\"section\">\n\t\t\t\t\t\t<div class=\"elementor-container elementor-column-gap-default\">\n\t\t\t\t\t<div class=\"elementor-column elementor-col-50 elementor-top-column elementor-element elementor-element-0542577\" data-id=\"0542577\" data-element_type=\"column\">\n\t\t\t<div class=\"elementor-widget-wrap elementor-element-populated\">\n\t\t\t\t\t\t<div class=\"elementor-element elementor-element-17a64ac elementor-widget elementor-widget-heading\" data-id=\"17a64ac\" data-element_type=\"widget\" data-widget_type=\"heading.default\">\n\t\t\t\t<div class=\"elementor-widget-container\">\n\t\t\t\t\t<h2 class=\"elementor-heading-title elementor-size-default\">Cultura de color<\/h2>\t\t\t\t<\/div>\n\t\t\t\t<\/div>\n\t\t\t\t<div class=\"elementor-element elementor-element-fa77edd elementor-widget elementor-widget-text-editor\" data-id=\"fa77edd\" data-element_type=\"widget\" data-widget_type=\"text-editor.default\">\n\t\t\t\t<div class=\"elementor-widget-container\">\n\t\t\t\t\t\t\t\t\t<ul>\n<li>Fusionados Barro, Pigmentos de oleo para aportar color al cabello respetando su estructura natural.<\/li>\n<\/ul>\t\t\t\t\t\t\t\t<\/div>\n\t\t\t\t<\/div>\n\t\t\t\t\t<\/div>\n\t\t<\/div>\n\t\t\t\t<div class=\"elementor-column elementor-col-50 elementor-top-column elementor-element elementor-element-aa10688\" data-id=\"aa10688\" data-element_type=\"column\">\n\t\t\t<div class=\"elementor-widget-wrap elementor-element-populated\">\n\t\t\t\t\t\t<div class=\"elementor-element elementor-element-ac5f31f elementor-widget elementor-widget-heading\" data-id=\"ac5f31f\" data-element_type=\"widget\" data-widget_type=\"heading.default\">\n\t\t\t\t<div class=\"elementor-widget-container\">\n\t\t\t\t\t<h2 class=\"elementor-heading-title elementor-size-default\">Iluminaciones<\/h2>\t\t\t\t<\/div>\n\t\t\t\t<\/div>\n\t\t\t\t<div class=\"elementor-element elementor-element-b2cb076 elementor-widget elementor-widget-text-editor\" data-id=\"b2cb076\" data-element_type=\"widget\" data-widget_type=\"text-editor.default\">\n\t\t\t\t<div class=\"elementor-widget-container\">\n\t\t\t\t\t\t\t\t\t<ul>\n<li>Se trabaja todos las t\u00e9cnicas para iluminar el cabello sin egresi\u00f3n.<\/li>\n<\/ul>\t\t\t\t\t\t\t\t<\/div>\n\t\t\t\t<\/div>\n\t\t\t\t\t<\/div>\n\t\t<\/div>\n\t\t\t\t\t<\/div>\n\t\t<\/section>\n\t\t\t\t<section class=\"elementor-section elementor-top-section elementor-element elementor-element-ac7edcb elementor-section-boxed elementor-section-height-default elementor-section-height-default\" data-id=\"ac7edcb\" data-element_type=\"section\">\n\t\t\t\t\t\t<div class=\"elementor-container elementor-column-gap-default\">\n\t\t\t\t\t<div class=\"elementor-column elementor-col-100 elementor-top-column elementor-element elementor-element-7b1d1b3\" data-id=\"7b1d1b3\" data-element_type=\"column\">\n\t\t\t<div class=\"elementor-widget-wrap elementor-element-populated\">\n\t\t\t\t\t\t<div class=\"elementor-element elementor-element-685b317 elementor-widget elementor-widget-heading\" data-id=\"685b317\" data-element_type=\"widget\" data-widget_type=\"heading.default\">\n\t\t\t\t<div class=\"elementor-widget-container\">\n\t\t\t\t\t<h2 class=\"elementor-heading-title elementor-size-default\">Difuminador solar<\/h2>\t\t\t\t<\/div>\n\t\t\t\t<\/div>\n\t\t\t\t<div class=\"elementor-element elementor-element-e9f1edf elementor-widget elementor-widget-text-editor\" data-id=\"e9f1edf\" data-element_type=\"widget\" data-widget_type=\"text-editor.default\">\n\t\t\t\t<div class=\"elementor-widget-container\">\n\t\t\t\t\t\t\t\t\t<p>T\u00e9cnica de aclarado muy sutil para cabellos naturales.<\/p>\t\t\t\t\t\t\t\t<\/div>\n\t\t\t\t<\/div>\n\t\t\t\t\t<\/div>\n\t\t<\/div>\n\t\t\t\t\t<\/div>\n\t\t<\/section>\n\t\t\t\t<section class=\"elementor-section elementor-top-section elementor-element elementor-element-55bbc04 elementor-section-boxed elementor-section-height-default elementor-section-height-default\" data-id=\"55bbc04\" data-element_type=\"section\">\n\t\t\t\t\t\t<div class=\"elementor-container elementor-column-gap-default\">\n\t\t\t\t\t<div class=\"elementor-column elementor-col-100 elementor-top-column elementor-element elementor-element-aeaf5e7\" data-id=\"aeaf5e7\" data-element_type=\"column\">\n\t\t\t<div class=\"elementor-widget-wrap elementor-element-populated\">\n\t\t\t\t\t\t<div class=\"elementor-element elementor-element-6edbcb5 elementor-widget elementor-widget-text-editor\" data-id=\"6edbcb5\" data-element_type=\"widget\" data-widget_type=\"text-editor.default\">\n\t\t\t\t<div class=\"elementor-widget-container\">\n\t\t\t\t\t\t\t\t\t<p>El servicio Inmaculada Hair &amp; Health se articula en el\u00a0<strong>largo plazo<\/strong>, no se ci\u00f1e exclusivamente al programa puntual y aislado condensado en una sola sesi\u00f3n, sino que tiene\u00a0<strong>vocaci\u00f3n de continuidad y permanencia.<\/strong><\/p><p>El equipo es muy consciente del grado de responsabilidad que asume cuando un cliente deposita su confianza en el profesional y que debe responder con un planteamiento creativo y saludable, que normalmente se hace efectivo en varias sesiones.<\/p><p>El equipo pretende analizar concienzudamente las necesidades del cliente, escuchando sus inquietudes y preferencias y aport\u00e1ndole soluciones de belleza y salud que ser\u00e1n aplicadas y mantenidas en las sesiones oportunas.<\/p><p>Todo cliente tendr\u00e1 un \u201cexpediente\u201d en el cual se reflejar\u00e1 su \u201chistorial\u201d con los datos necesarios que permitir\u00e1n el seguimiento de las peculiaridades de cada caso y los productos y programas aplicados en cada momento. De esta manera, tanto cliente como profesional tendr\u00e1n un conocimiento certero de la evoluci\u00f3n y resultados y se generar\u00e1 una relaci\u00f3n de complicidad entre ambos.<\/p><p><!-- \/wp:paragraph --><!-- wp:paragraph --><\/p><p>Desde Inmaculada Hair &amp; Health queremos informaros de nuestros\u00a0<strong>productos de Secretos del Agua m\u00e1s espec\u00edficos para solucionar la ca\u00edda y debilitamiento del cabello<\/strong>.<\/p><p><!-- \/wp:paragraph --><!-- wp:paragraph --><\/p><p>El calor, los cambios de temperatura, las alteraciones hormonales o el d\u00e9ficit de vitaminas son algunas de las causas que contribuyen a estas p\u00e9rdidas abundantes de cabello. Revisa tambi\u00e9n cualquiera de estos par\u00e1metros, porque la belleza de nuestro cabello tambi\u00e9n nace de la salud del mismo.<\/p><p><!-- \/wp:paragraph --><!-- wp:paragraph --><\/p><p><strong>El tratamiento Fuerza recupera la vitalidad de tu cabello, frena la debilidad capilar y aporta volumen natural, adem\u00e1s de regular el exceso de grasa.<\/strong><\/p><p><!-- \/wp:paragraph --><!-- wp:paragraph --><\/p><p>Gracias a la alta concentraci\u00f3n de activos bot\u00e1nicos fusionado con el Agua Biopolar crea un sistema que transmite informaci\u00f3n a nivel energ\u00e9tico y potencia su regeneraci\u00f3n.<\/p><p><!-- \/wp:paragraph --><!-- wp:paragraph --><\/p><p>Los Activos bot\u00e1nicos tales como:\u00a0<strong>Hiedra, Alholva, Gingko Biloba, Cola de Caballo y Cayena<\/strong>\u00a0hacen que aumente la capacidad de hidrataci\u00f3n, fortaleciendo los cabellos finos, facilita la circulaci\u00f3n venolinf\u00e1tica aumentando la actividad celular desde la ra\u00edz del cabello, impulsa la generaci\u00f3n natural del col\u00e1geno y aporta consistencia y dureza a la fibra capilar, activando la circulaci\u00f3n la irrigaci\u00f3n y el crecimiento del cabello.<\/p>\t\t\t\t\t\t\t\t<\/div>\n\t\t\t\t<\/div>\n\t\t\t\t\t<\/div>\n\t\t<\/div>\n\t\t\t\t\t<\/div>\n\t\t<\/section>\n\t\t\t\t<\/div>\n\t\t","protected":false},"excerpt":{"rendered":"<p>Carta de servicios Peinado Incluye Lavado dermocapilar Producto de stylins Tratamientos capilares \u00a0 Bioterapia\u00a0 Corte de Caballero Incluye Lavado dermocapilar Producto de Styling Cultura Curly Incluye Valoraci\u00f3n, corte y definici\u00f3n Corte y Peinado Se\u00f1ora Incluye Lavado dermocapilar Producto stylins Servicio de peinado Barros Coloraci\u00f3n org\u00e1nica, arcilla blanca y activos bot\u00e1nico. Corte de ni\u00f1os Menores de<br \/><a class=\"moretag\" href=\"https:\/\/inmaculadaespacio.com\/index.php\/servicios\/peluqueria\/\">+ Read More<\/a><\/p>\n","protected":false},"author":1,"featured_media":0,"parent":776,"menu_order":0,"comment_status":"closed","ping_status":"closed","template":"templates\/page-fullwidth_template.php","meta":{"footnotes":""},"class_list":["post-778","page","type-page","status-publish","hentry"],"_links":{"self":[{"href":"https:\/\/inmaculadaespacio.com\/index.php\/wp-json\/wp\/v2\/pages\/778","targetHints":{"allow":["GET"]}}],"collection":[{"href":"https:\/\/inmaculadaespacio.com\/index.php\/wp-json\/wp\/v2\/pages"}],"about":[{"href":"https:\/\/inmaculadaespacio.com\/index.php\/wp-json\/wp\/v2\/types\/page"}],"author":[{"embeddable":true,"href":"https:\/\/inmaculadaespacio.com\/index.php\/wp-json\/wp\/v2\/users\/1"}],"replies":[{"embeddable":true,"href":"https:\/\/inmaculadaespacio.com\/index.php\/wp-json\/wp\/v2\/comments?post=778"}],"version-history":[{"count":5,"href":"https:\/\/inmaculadaespacio.com\/index.php\/wp-json\/wp\/v2\/pages\/778\/revisions"}],"predecessor-version":[{"id":838,"href":"https:\/\/inmaculadaespacio.com\/index.php\/wp-json\/wp\/v2\/pages\/778\/revisions\/838"}],"up":[{"embeddable":true,"href":"https:\/\/inmaculadaespacio.com\/index.php\/wp-json\/wp\/v2\/pages\/776"}],"wp:attachment":[{"href":"https:\/\/inmaculadaespacio.com\/index.php\/wp-json\/wp\/v2\/media?parent=778"}],"curies":[{"name":"wp","href":"https:\/\/api.w.org\/{rel}","templated":true}]}}